of 5*l**3/6 - 14*l**2 + l + 19. Calculate b(9).
17
Let t(s) be the second derivative of s**5/20 + 11*s**4/12 - 13*s**3/6 - 7*s**2 + 513*s. Determine t(-12).
-2
Let v(m) = m**3 + 6*m**2 + 5*m. Let o be v(-5). Let t(f) = o - 1 - 75*f + 59*f. Give t(-1).
15
Let t(o) = 60*o - 129*o - 3 + 63*o. Determine t(-3).
15
Suppose 3 = -6*r - 9. Let q(j) = -3*j**3 - 2*j - 2. What is q(r)?
26
Let c(i) = 3*i**2 - 15*i - 20. Let a(t) = -13 - 48*t + t**2 + 38*t + t**2. Let x(d) = -8*a(d) + 5*c(d). Give x(6).
-2
Suppose 0 = s - 6*s + g + 55, 0 = 3*g. Let f = 13 - s. Let m(l) = l**2 + l + 1. What is m(f)?
7
Let i(y) = y**3 + y**2 - 66*y - 75. Let b be i(-8). Let f(z) = -z**2 - z + 1. Let a(o) = 5*o**2 + 10*o - 8. Let d(h) = -a(h) - 6*f(h). Calculate d(b).
7
Let y = -11184 - -11190. Let h(b) = b**2 + 5*b + 0 + 3 - 2*b**2. What is h(y)?
-3
Let h(a) = -a**2 + a - 1. Let j = 143 - 144. What is h(j)?
-3
Let v(f) = f**3 - f**2 - f - 3. Let a(o) = o**3 - o - 2. Let m(h) = 5*a(h) - 4*v(h). Let q(i) = -43*i - 305. Let k be q(-7). Determine m(k).
6
Suppose -8 = -3*u + 2*u. Let x(d) = d**2 - 8*d + 3. Let q be x(u). Let b(f) = f**2 + 0*f**q - 2*f**3 + 10 - 11. Give b(1).
-2
Let y(w) = 3*w**2 + 8*w + 2. Let l be (-6)/14 - (665/49 - 11). Calculate y(l).
5
Let n(d) = 3*d**3 + 65*d**2 + 11*d - 35. Let s(j) = -j**3 - 22*j**2 - 4*j + 12. Let w(u) = 4*n(u) + 11*s(u). Let i be w(-18). Let q(o) = -2*o - 11. Give q(i).
5
Suppose 0 = 8*u + 70 - 14. Let w(j) = -j - 8. Give w(u).
-1
Let q(n) = -3*n - 4. Let d(i) = -i**3 - i**2 - i - 2. Let p = -26 - -24. Let h be d(p). What is q(h)?
-16
Suppose -4*j + 21 = 9. Let d(l) be the second derivative of l**5/20 - l**4/12 - l**2/2 - l. Give d(j).
17
Let f(i) = -i**3 + 4*i**2 - i + 2. Let t(y) = 2*y**2 - 5*y**2 + 4 + 12*y + y**2 + 0. Let u be t(6). What is f(u)?
-2
Let i(p) be the third derivative of -p**5/60 + p**4/24 + p**3/6 - 66*p**2. Let u = -8 - -11. Calculate i(u).
-5
Suppose -3 = 4*c - y, 0 = 7*c - 3*c + 2*y - 6. Let l(s) = -3*s**2 + s + 6. Let h(z) = -16*z**2 + 6*z + 30. Let m(b) = 2*h(b) - 11*l(b). Calculate m(c).
-6
Let p be ((-3)/(-2))/3*-8. Let b(i) = -5*i + 10. Let k(c) = -4*c + 9. Let w(g) = 5*b(g) - 6*k(g). Determine w(p).
0
Suppose -z = 1, -5*t - 3*z - 7 = 6. Let x(a) be the first derivative of -2*a**2 - 1/3*a**3 + a + 4. Determine x(t).
5
Suppose -14*j = -9*j - 25. Suppose 0 = -2*u - 4*c + 48, 2*u - j*c + 74 = 5*u. Let k = u - 26. Let o(w) = -4*w. Determine o(k).
-8
Suppose 57*h + j - 17 = 59*h, 5*j - 1 = -4*h. Let m(q) be the second derivative of 4/3*q**3 - 2*q - 5/2*q**2 + 1/12*q**4 + 0. Calculate m(h).
-17
Suppose -c - 13 = -4*i, -i + 5*c = -10 - 17. Let k(j) = -1 - j**i + j + 0*j**3 - 2*j - j**3. Let w be (-1)/(-4) - (-5)/(80/(-36)). Determine k(w).
5
Let a(d) be the second derivative of d**4/12 - 4*d**3/3 - 4*d**2 - 2*d - 5. What is a(10)?
12
Let a(j) be the first derivative of 3*j**4/4 + j**3/3 + j**2/2 - 36*j + 24. Let n(b) be the first derivative of a(b). Determine n(-1).
8
Suppose 0*a - 4*b = -5*a - 14, -a - b - 1 = 0. Let y(d) = -3*d**2 + 3*d + 3. Let x be y(a). Let m = 20 + x. Let l(t) = -t**2 + 2*t + 1. Determine l(m).
-14
Let x(l) = l**3 + 4*l**2 + 2*l - 3. Let d(c) be the second derivative of -1/3*c**3 + 1/2*c**2 + 0*c**4 - 3*c - 1/10*c**5 + 0. Let t be d(1). Give x(t).
0
Suppose -37*r + 30*r - 7 = 0. Let h(s) = 2*s**3 - 1. Calculate h(r).
-3
Let c(r) = 5*r + 12*r - 14 - 7*r - r**2. Let m be c(8). Let j(x) = -6*x. Calculate j(m).
-12
Let f(u) = -4 + 3*u - 1 + 7 + u**2. Let l(t) = -t**2 - 4*t + 1. Let i be l(-5). Let r = i + 0. What is f(r)?
6
Let b(v) = 9*v**2 - 7*v + 17. Let n(h) = -2*h**2 - h - 1. Let l(p) = -b(p) - 4*n(p). Determine l(9).
5
Suppose -3 = -4*g + g. Suppose -4 = z + g. Let u(p) = -p**3 - 5*p**2 + p + 4. Give u(z).
-1
Let t = -28 - -31. Let l(r) = r**2 - r - 1. Let w(f) = 2*f**2 - 1. Let y(b) = 3*l(b) - w(b). What is y(t)?
-2
Suppose l = -3*b - 3*l + 34, -l + 22 = 3*b. Let k(w) = w**2 - 5*w. Let d be k(b). Let p(n) = -6 - 7*n**2 + 15*n**2 - 7*n**2 - 6*n. Calculate p(d).
-6
Suppose -5*u + 15 = -s + 6, 3*s + 8 = -4*u. Let y be 25/15 + (-1)/(-3)*u. Let n(c) = -3*c + 3. What is n(y)?
-3
Let n(y) = y**2 - 2*y - 1. Let s be -1 + 2 + 2*(-4)/(-8). Let f be (-2)/5 + 42/5. Let q be (s*(-4)/f)/1. Give n(q).
2
Let n(a) = -a**3 - a**2 + a - 1. Let w(c) = 2*c**3 + 4*c**2 - 3*c + 7. Let q(v) = v**3 + v**2. Let g(o) = 2*q(o) + w(o). Let b(f) = -g(f) - 3*n(f). Give b(-3).
-4
Let r(z) = -38*z + 17. Let j(h) = -9*h + 4. Let s(n) = 9*j(n) - 2*r(n). Determine s(2).
-8
Suppose 17 = -2*z + 3*r, 3*z - 18*r = -19*r - 9. Let s(m) = -2 - 3*m**2 + 8 + 4*m**2 + 7*m. What is s(z)?
-6
Let l(t) = -t + 1. Let y = 89 + -83. Let h(c) = c**2 + 10*c - 4. Let w(u) = y*l(u) + h(u). Determine w(-3).
-1
Let c(b) = -4*b**3 + 5*b**3 - 2*b**3 + 14 - 5. Let r(x) = -x**3 - x**2 - x + 10. Let t(k) = -7*c(k) + 6*r(k). Give t(7).
4
Let o(a) = 6*a. Let f = 461 - 460. Determine o(f).
6
Let r(m) be the second derivative of 4/3*m**3 + 2*m**2 - 44*m + 0. Calculate r(3).
28
Let f = 30 - 30. Suppose -2*m = 2*o + 14, 2*o = -f*o - 5*m - 23. Let v(k) be the first derivative of k**2 - 3*k + 1. Determine v(o).
-11
Suppose 0*d = -3*d + 6. Let q(p) be the third derivative of 3*p**2 + 1/60*p**6 + 0*p - 1/30*p**5 + 0 - 1/3*p**3 + 1/12*p**4. Give q(d).
10
Let t(p) = -2*p - 1. Let c be 3/(((-3)/5)/((-14)/35)). Let k(m) = m**3 - 4*m**2 + 3*m - 1. Let f be k(3). Let i = f - c. Give t(i).
5
Let q(f) be the first derivative of 5*f - 1/4*f**4 - 4/3*f**3 + 2*f**2 - 21. Determine q(-4).
-11
Suppose 3*r = -2*d + 32 + 11, 0 = 3*d - 15. Let t be r/55 - 98/(-10). Let g(h) = -3*h + t - 2*h - h + 7*h. Calculate g(0).
10
Let g(s) = -4*s - 1. Let n be (18/12 + -1)*6. What is g(n)?
-13
Let l(g) = 32*g**2 - 12*g + 6 - 31*g**2 + g. Calculate l(9).
-12
Let t(q) be the first derivative of 3*q**2/2 + 21*q + 36. Determine t(-6).
3
Let t(n) be the first derivative of -2/3*n**3 - 17 - 4*n + 7/2*n**2. What is t(5)?
-19
Suppose -4*k = -k - 18. Let f = -12 + k. Let l(b) = 6 - 5*b**3 + 235*b**2 - 228*b**2 + 6*b**3 + 8*b. Determine l(f).
-6
Let g(f) be the first derivative of f**4/4 + 5*f**3/3 + 3*f**2/2 + 4*f - 31. Suppose -4*c + 5*d = -2*c - 12, c + 3*d + 16 = 0. What is g(c)?
8
Let a(n) = n**3 + 7*n**2 - 8*n + 6. Let l(s) = s**3 + 10*s**2 + 18*s + 12. Let i be l(-8). Let h be (72/6)/(6/i). What is a(h)?
6
Let i(g) = -g**2 + 7*g - 6. Suppose 17*b - 11*b - 42 = 0. Calculate i(b).
-6
Let y(k) = -k**3 - 24*k**2 + 2*k + 38. Let a be y(-24). Let x(m) = 2*m + 13. Determine x(a).
-7
Let i(x) be the first derivative of -3*x**2/2 - x + 4. Let f(s) = -s**3 + 5*s**2 + 7*s - 5. Let t be f(6). Let c = t + -3. Calculate i(c).
5
Let k(h) = h + 17. Suppose 2*n + 5*q = -22, 55 = 12*n - 17*n - 3*q. Determine k(n).
6
Let j(n) be the third derivative of 6*n**2 + 3/2*n**3 + 1/12*n**4 + 0 + 0*n. Give j(-7).
-5
Let b(f) = -3*f + 21*f**3 + 17 + 7 - 22*f**3 - 4*f**2 - 26. Give b(-2).
-4
Let z(f) = -8*f + 7. Let w(k) = k - 1. Let g = 13 + -11. Suppose 4*i - u = 11, 3*i + u = 8 + g. Let o(s) = i*z(s) + 21*w(s). Give o(2).
-6
Let c(p) = p**2 + 15*p + 16. Suppose 210 = -27*q + 12*q. What is c(q)?
2
Let p(h) = -4*h**3 + h**2 + 2*h - 3. Suppose -5*i - 4 + 14 = 0. What is p(i)?
-27
Let y(o) = -7*o - 3. Let t(p) = p**2 + 5*p + 3. Let g be t(4). Let a = g + -42. Give y(a).
18
Let j(y) be the second derivative of -y**5/20 + y**4/4 + y**3/3 - y**2/2 - y. Let m = 8 + -5. Determine j(m).
5
Suppose -5*g + 64 = -2*x - 0*x, -4*g + 68 = 4*x. Let q(s) = s - 11. What is q(g)?
3
Let z(t) = t**3 + 8*t**2 + 7*t - 4. Let n be (-4)/3*12/(-8). Suppose -x - 4*f = 19, -f + 23 = -4*x - n. Determine z(x).
-4
Let u be 1/3 - (-7)/(-3). Let y(x) = 22829*x**2 + 3*x + 40 - 22832*x**2 - 39. Give y(u).
-17
Let t(m) = m**3 + 5*m**2 - 6*m + 2. Let k be 1 + (42/(-6) - 0). Give t(k).
2
Let c(v) = -v**2 + 1. Let i = 1 + -3. Let m be 1/i - (-27)/(-6). Let w = m + 4. What is c(w)?
0
Suppose -6*n + 4 - 10 = 0. Let q(m) = -7*m**3 + m**2 + 2*m + 1. What is q(n)?
7
Let v = 41 - 39. Suppose -4 = -o, v*w - 26 = -2*o - 2*o. Let s(g) = -g**2 + 7*g + 1. Calculate s(w).
11
Suppose -3*m - 116 = -7*m. Let z = m + -28. Let l(r) = -5*r**2 + 0*r + r + z + 7*r - 10*r. Calculate l(1).
-6
Let q(b) be the third derivative of -5*b**4/12 - 72*b**2. Calculate q(-1).
10
Let y(r